
Calculate the remainder when 215 is divided by 30.
5
What is the remainder when 1096 is divided by 229?
180
Calculate the remainder when 78 is divided by 27.
24
What is the remainder when 2366 is divided by 64?
62
What is the remainder when 69 is divided by 6?
3
What is the remainder when 1284 is divided by 38?
30
Calculate the remainder when 603 is divided by 292.
19
Calculate the remainder when 280 is divided by 32.
24
What is the remainder when 119 is divided by 36?
11
What is the remainder when 55 is divided by 8?
7
Calculate the remainder when 457 is divided by 17.
15
Calculate the remainder when 274 is divided by 197.
77
What is the remainder when 286 is divided by 160?
126
What is the remainder when 2303 is divided by 12?
11
Calculate the remainder when 261 is divided by 44.
41
What is the remainder when 866 is divided by 4?
2
Calculate the remainder when 1961 is divided by 22.
3
What is the remainder when 2294 is divided by 177?
170
Calculate the remainder when 566 is divided by 28.
6
Calculate the remainder when 173 is divided by 68.
37
Calculate the remainder when 124 is divided by 25.
24
Calculate the remainder when 630 is divided by 53.
47
Calculate the remainder when 147 is divided by 7.
0
Calculate the remainder when 362 is divided by 71.
7
What is the remainder when 373 is divided by 16?
5
What is the remainder when 1319 is divided by 190?
179
What is the remainder when 628 is divided by 14?
12
Calculate the remainder when 72 is divided by 11.
6
Calculate the remainder when 1651 is divided by 24.
19
What is the remainder when 45 is divided by 12?
9
What is the remainder when 933 is divided by 52?
49
What is the remainder when 166 is divided by 40?
6
What is the remainder when 10 is divided by 3?
1
What is the remainder when 1797 is divided by 34?
29
What is the remainder when 1230 is divided by 28?
26
Calculate the remainder when 833 is divided by 212.
197
Calculate the remainder when 1237 is divided by 73.
69
What is the remainder when 105 is divided by 27?
24
Calculate the remainder when 70 is divided by 20.
10
Calculate the remainder when 284 is divided by 26.
24
What is the remainder when 235 is divided by 8?
3
Calculate the remainder when 136 is divided by 2.
0
Calculate the remainder when 66 is divided by 25.
16
What is the remainder when 123 is divided by 18?
15
What is the remainder when 42 is divided by 15?
12
Calculate the remainder when 998 is divided by 59.
54
What is the remainder when 239 is divided by 4?
3
Calculate the remainder when 3593 is divided by 7.
2
What is the remainder when 3518 is divided by 34?
16
Calculate the remainder when 378 is divided by 64.
58
Calculate the remainder when 183 is divided by 136.
47
Calculate the remainder when 9513 is divided by 173.
171
Calculate the remainder when 26 is divided by 25.
1
Calculate the remainder when 50 is divided by 35.
15
Calculate the remainder when 1677 is divided by 6.
3
What is the remainder when 1525 is divided by 761?
3
What is the remainder when 4282 is divided by 1423?
13
Calculate the remainder when 9290 is divided by 101.
99
Calculate the remainder when 174 is divided by 25.
24
What is the remainder when 14266 is divided by 166?
156
What is the remainder when 13046 is divided by 18?
14
What is the remainder when 558 is divided by 8?
6
What is the remainder when 44 is divided by 23?
21
Calculate the remainder when 113 is divided by 28.
1
Calculate the remainder when 439 is divided by 198.
43
What is the remainder when 56 is divided by 10?
6
Calculate the remainder when 260 is divided by 256.
4
Calculate the remainder when 235 is divided by 10.
5
Calculate the remainder when 2722 is divided by 69.
31
What is the remainder when 189 is divided by 50?
39
What is the remainder when 726 is divided by 93?
75
What is the remainder when 291 is divided by 40?
11
What is the remainder when 140 is divided by 66?
8
What is the remainder when 146 is divided by 64?
18
Calculate the remainder when 1075 is divided by 79.
48
What is the remainder when 1876 is divided by 19?
14
Calculate the remainder when 115 is divided by 17.
13
Calculate the remainder when 32 is divided by 20.
12
Calculate the remainder when 365 is divided by 143.
79
What is the remainder when 101 is divided by 71?
30
Calculate the remainder when 332 is divided by 179.
153
What is the remainder when 1726 is divided by 429?
10
Calculate the remainder when 435 is divided by 14.
1
What is the remainder when 538 is divided by 268?
2
Calculate the remainder when 75 is divided by 29.
17
Calculate the remainder when 3670 is divided by 34.
32
Calculate the remainder when 1886 is divided by 173.
156
What is the remainder when 45 is divided by 24?
21
What is the remainder when 1673 is divided by 43?
39
What is the remainder when 448 is divided by 92?
80
What is the remainder when 416 is divided by 42?
38
Calculate the remainder when 42 is divided by 19.
4
What is the remainder when 543 is divided by 144?
111
What is the remainder when 251 is divided by 56?
27
Calculate the remainder when 155 is divided by 144.
11
Calculate the remainder when 1241 is divided by 89.
84
Calculate the remainder when 36 is divided by 13.
10
What is the remainder when 4677 is divided by 24?
21
What is the remainder when 20733 is divided by 144?
141
What is the remainder when 572 is divided by 9?
5
What is the remainder when 151 is divided by 55?
41
What is the remainder when 110 is divided by 38?
34
What is the remainder when 235 is divided by 100?
35
What is the remainder when 124 is divided by 47?
30
What is the remainder when 2110 is divided by 64?
62
Calculate the remainder when 1353 is divided by 113.
110
What is the remainder when 3716 is divided by 27?
17
What is the remainder when 491 is divided by 112?
43
Calculate the remainder when 2694 is divided by 55.
54
Calculate the remainder when 250 is divided by 63.
61
What is the remainder when 80 is divided by 14?
10
Calculate the remainder when 697 is divided by 100.
97
Calculate the remainder when 202 is divided by 35.
27
What is the remainder when 437 is divided by 219?
218
What is the remainder when 190 is divided by 165?
25
Calculate the remainder when 72 is divided by 43.
29
Calculate the remainder when 1183 is divided by 170.
163
Calculate the remainder when 141 is divided by 29.
25
Calculate the remainder when 287 is divided by 77.
56
What is the remainder when 916 is divided by 9?
7
Calculate the remainder when 1141 is divided by 44.
41
Calculate the remainder when 274 is divided by 31.
26
What is the remainder when 22 is divided by 9?
4
What is the remainder when 1597 is divided by 201?
190
Calculate the remainder when 170 is divided by 97.
73
Calculate the remainder when 3280 is divided by 252.
4
Calculate the remainder when 526 is divided by 22.
20
What is the remainder when 250 is divided by 3?
1
Calculate the remainder when 626 is divided by 17.
14
What is the remainder when 1622 is divided by 202?
6
Calculate the remainder when 131 is divided by 34.
29
Calculate the remainder when 55 is divided by 5.
0
What is the remainder when 172 is divided by 88?
84
Calculate the remainder when 103 is divided by 62.
41
What is the remainder when 467 is divided by 98?
75
Calculate the remainder when 763 is divided by 247.
22
What is the remainder when 513 is divided by 154?
51
What is the remainder when 74 is divided by 60?
14
Calculate the remainder when 94 is divided by 17.
9
What is the remainder when 53 is divided by 20?
13
Calculate the remainder when 178 is divided by 20.
18
What is the remainder when 225 is divided by 25?
0
Calculate the remainder when 12608 is divided by 6297.
14
Calculate the remainder when 1624 is divided by 29.
0
Calculate the remainder when 5947 is divided by 85.
82
What is the remainder when 251 is divided by 36?
35
Calculate the remainder when 362 is divided by 33.
32
What is the remainder when 380 is divided by 98?
86
What is the remainder when 61 is divided by 46?
15
What is the remainder when 278 is divided by 57?
50
What is the remainder when 267 is divided by 13?
7
What is the remainder when 152 is divided by 64?
24
What is the remainder when 963 is divided by 112?
67
Calculate the remainder when 118 is divided by 41.
36
Calculate the r